{"id":24,"date":"2015-05-03T11:28:42","date_gmt":"2015-05-03T09:28:42","guid":{"rendered":"http:\/\/uli-wieland-gs.voehringen.de\/wordpress2\/?page_id=24"},"modified":"2025-11-10T12:04:48","modified_gmt":"2025-11-10T11:04:48","slug":"impressum","status":"publish","type":"page","link":"https:\/\/uli-wieland-gs.voehringen.de\/?page_id=24","title":{"rendered":"Impressum"},"content":{"rendered":"<p><strong>Anbieter der Seite<\/strong><\/p>\n<p>Diensteanbieter des Internetauftritts der Uli-Wieland-Grundschule V\u00f6hringen: Freistaat Bayern<\/p>\n<p>Rechtsform: Gebietsk\u00f6rperschaft des \u00f6ffentlichen Rechts<\/p>\n<p>Uli-Wieland-Grundschule V\u00f6hringen<br \/>\nKirchplatz 4<br \/>\n89269 V\u00f6hringen<\/p>\n<p>Tel.: 07306\/962720<br \/>\nFax.: 07306\/962717<br \/>\nE-Mail: &#105;&#110;&#102;o&#64;u&#108;i&#45;wi&#101;l&#97;n&#100;-&#103;&#115;.&#118;o&#101;h&#114;i&#110;&#103;&#101;n.de<\/p>\n<p>Vertretungsberechtigt: Ruth Koch<\/p>\n<p>Umsatzsteueridentifikationsnummer nach \u00a7 27a Abs. 1 Satz 1, 2 oder 3 des Umsatzsteuergesetzes 151\/144\/70720<\/p>\n<p><strong>Verantwortlich f\u00fcr das Angebot im Sinne des \u00a7 18 Abs. 2 MStV <\/strong><\/p>\n<p>Ruth Koch, Rektorin<br \/>\nUli-Wieland-Grundschule V\u00f6hringen<br \/>\nKirchplatz 4<br \/>\n89269 V\u00f6hringen<\/p>\n<p>Namentlich gekennzeichnete Internetseiten geben die Auffassungen und Erkenntnisse der genannten Personen wieder.<\/p>\n<p><strong>Nutzungsbedingungen<\/strong><\/p>\n<p>Texte, Bilder, Grafiken sowie die Gestaltung dieser Internetseiten k\u00f6nnen dem Urheberrecht unterliegen.<\/p>\n<p>Nicht urheberrechtlich gesch\u00fctzt sind nach \u00a7 5 des Urheberrechtsgesetzes (UrhG)<\/p>\n<ul>\n<li>Gesetze, Verordnungen, amtliche Erlasse und Bekanntmachungen sowie Entscheidungen und amtlich verfasste Leits\u00e4tze zu Entscheidungen und<\/li>\n<li>andere amtliche Werke, die im amtlichen Interesse zur allgemeinen Kenntnisnahme ver\u00f6ffentlicht worden sind, mit der Einschr\u00e4nkung, dass die Bestimmungen \u00fcber \u00c4nderungsverbot und Quellenangabe in \u00a7 62 Abs. 1 bis 3 und \u00a7 63 Abs. 1 und 2 UrhG entsprechend anzuwenden sind.<\/li>\n<\/ul>\n<p>Als Privatperson d\u00fcrfen Sie urheberrechtlich gesch\u00fctztes Material zum privaten und sonstigen eigenen Gebrauch im Rahmen des \u00a7 53 UrhG verwenden. Eine Vervielf\u00e4ltigung oder Verwendung urheberrechtlich gesch\u00fctzten Materials dieser Seiten oder Teilen davon in anderen elektronischen oder gedruckten Publikationen und deren Ver\u00f6ffentlichung ist nur mit unserer Einwilligung gestattet. Diese Einwilligung erteilen auf Anfrage die f\u00fcr den Inhalt Verantwortlichen. Der Nachdruck und die Auswertung von Pressemitteilungen und Reden sind mit Quellenangabe allgemein gestattet.<\/p>\n<p>Weiterhin k\u00f6nnen Texte, Bilder, Grafiken und sonstige Dateien ganz oder teilweise dem Urheberrecht Dritter unterliegen. Auch \u00fcber das Bestehen m\u00f6glicher Rechte Dritter geben Ihnen die f\u00fcr den Inhalt Verantwortlichen n\u00e4here Ausk\u00fcnfte.<\/p>\n<p><strong>Haftungsausschluss<\/strong><\/p>\n<p>Alle auf dieser Internetseite bereitgestellten Informationen haben wir nach bestem Wissen und Gewissen erarbeitet und gepr\u00fcft. Eine Gew\u00e4hr f\u00fcr die jederzeitige Aktualit\u00e4t, Richtigkeit, Vollst\u00e4ndigkeit und Verf\u00fcgbarkeit der bereit gestellten Informationen k\u00f6nnen wir allerdings nicht \u00fcbernehmen. Ein Vertragsverh\u00e4ltnis mit den Nutzern des Internetangebots kommt nicht zustande.<\/p>\n<p>Wir haften nicht f\u00fcr Sch\u00e4den, die durch die Nutzung dieses Internetangebots entstehen. Dieser Haftungsausschluss gilt nicht, soweit die Vorschriften des \u00a7 839 BGB (Haftung bei Amtspflichtverletzung) einschl\u00e4gig sind. F\u00fcr etwaige Sch\u00e4den, die beim Aufrufen oder Herunterladen von Daten durch Schadsoftware oder der Installation oder Nutzung von Software verursacht werden, \u00fcbernehmen wir keine Haftung.<\/p>\n<p><strong>Links<\/strong><\/p>\n<p>Von unseren eigenen Inhalten sind Querverweise (\u201eLinks\u201c) auf die Webseiten anderer Anbieter zu unterscheiden. Durch diese Links erm\u00f6glichen wir lediglich den Zugang zur Nutzung fremder Inhalte nach \u00a7 7 Abs. 1 Digitale-Dienste-Gesetz (DDG) i.V.m. Art. 4 VO (EU) 2022\/2065 (Digital Services Act). Diese Webseiten sind unabh\u00e4ngig und liegen au\u00dferhalb der Kontrolle des Anbieters dieser Seite. F\u00fcr eine Nutzung dieser fremden Inhalte k\u00f6nnen wir daher keine Verantwortung \u00fcbernehmen. F\u00fcr illegale, fehlerhafte oder unvollst\u00e4ndige Inhalte und insbesondere f\u00fcr Sch\u00e4den, die aus der Nutzung oder Nichtnutzung von Informationen Dritter entstehen, haftet allein der jeweilige Anbieter der Seite.<\/p>\n","protected":false},"excerpt":{"rendered":"<p>Anbieter der Seite Diensteanbieter des Internetauftritts der Uli-Wieland-Grundschule V\u00f6hringen: Freistaat Bayern Rechtsform: Gebietsk\u00f6rperschaft des \u00f6ffentlichen Rechts Uli-Wieland-Grundschule V\u00f6hringen Kirchplatz 4 89269 V\u00f6hringen Tel.: 07306\/962720 Fax.: 07306\/962717 E-Mail: Vertretungsberechtigt: Ruth Koch Umsatzsteueridentifikationsnummer nach \u00a7 27a Abs. 1 Satz 1, 2 oder 3 des Umsatzsteuergesetzes 151\/144\/70720 Verantwortlich f\u00fcr das Angebot im Sinne des \u00a7 18 Abs. 2 &#8230; <a title=\"Impressum\" class=\"read-more\" href=\"https:\/\/uli-wieland-gs.voehringen.de\/?page_id=24\" aria-label=\"Mehr Informationen \u00fcber Impressum\">Weiterlesen &#8230;<\/a><\/p>\n","protected":false},"author":1,"featured_media":0,"parent":0,"menu_order":0,"comment_status":"closed","ping_status":"closed","template":"","meta":{"ngg_post_thumbnail":0,"footnotes":""},"class_list":["post-24","page","type-page","status-publish"],"_links":{"self":[{"href":"https:\/\/uli-wieland-gs.voehringen.de\/index.php?rest_route=\/wp\/v2\/pages\/24","targetHints":{"allow":["GET"]}}],"collection":[{"href":"https:\/\/uli-wieland-gs.voehringen.de\/index.php?rest_route=\/wp\/v2\/pages"}],"about":[{"href":"https:\/\/uli-wieland-gs.voehringen.de\/index.php?rest_route=\/wp\/v2\/types\/page"}],"author":[{"embeddable":true,"href":"https:\/\/uli-wieland-gs.voehringen.de\/index.php?rest_route=\/wp\/v2\/users\/1"}],"replies":[{"embeddable":true,"href":"https:\/\/uli-wieland-gs.voehringen.de\/index.php?rest_route=%2Fwp%2Fv2%2Fcomments&post=24"}],"version-history":[{"count":12,"href":"https:\/\/uli-wieland-gs.voehringen.de\/index.php?rest_route=\/wp\/v2\/pages\/24\/revisions"}],"predecessor-version":[{"id":5113,"href":"https:\/\/uli-wieland-gs.voehringen.de\/index.php?rest_route=\/wp\/v2\/pages\/24\/revisions\/5113"}],"wp:attachment":[{"href":"https:\/\/uli-wieland-gs.voehringen.de\/index.php?rest_route=%2Fwp%2Fv2%2Fmedia&parent=24"}],"curies":[{"name":"wp","href":"https:\/\/api.w.org\/{rel}","templated":true}]}}